+ 4. Let a be w(2). Let o = a - 13. Calculate d(o).
-1
Suppose 2*t = 5*t - 18. Suppose 9*q = t*q. Let j(c) = -c. Calculate j(q).
0
Suppose -2*j - 6 = 2*a, -a + 0*j = -j - 1. Let m(q) = -4*q**3 - q**2 + 1. Determine m(a).
4
Let z(m) be the first derivative of 1/40*m**6 - m**2 + 1/6*m**3 + 1 + 0*m + 0*m**4 - 1/30*m**5. Let v(t) be the second derivative of z(t). Give v(-1).
-4
Let m(q) = q**3 - 5*q**2 + 7*q - 7. Let x be m(4). Let o(p) = p**2 - 6*p + 5. What is o(x)?
0
Let b(w) = 5*w + 65. Let f(k) = k + 13. Let d(y) = 2*b(y) - 11*f(y). Calculate d(0).
-13
Suppose -2*t = -5 - 3. Suppose 9 = t*o - o. Let x(r) = -r**3 + 2*r**2 + 3*r. What is x(o)?
0
Let r(x) = 3*x**3 - 5*x**3 + 3*x**3 - 5 - 5*x**2 + x. Determine r(5).
0
Let d(s) = -s**3 - 2*s**2 - s + 2. Let z(h) = -2*h**3 - 5*h**2 - 3*h + 5. Suppose 2*o = -6 - 4. Let q(n) = o*d(n) + 2*z(n). Calculate q(0).
0
Let h(a) = 14*a + 1 + 0 + 0. Let r be h(-1). Let q = 8 + r. Let v(b) = b**3 + 6*b**2 + 3*b - 5. Determine v(q).
5
Let f = 7/20 + -1/10. Let q(u) be the first derivative of -1/3*u**3 + 6*u + f*u**4 + 0*u**2 + 1. Calculate q(0).
6
Let u(p) = p - 1. Let v(o) = -4*o - 7. Let c(w) = -5*w**2 + w + 1. Let b be c(-1). Let n(a) = b*u(a) - v(a). What is n(6)?
6
Let w(s) = -s**3 + 6*s**2 - 4*s - 2. Let z be w(5). Let c = 3 - 1. Let r(t) = -t + 4*t**c + 2 - t**3 - t + 0*t**3. Calculate r(z).
5
Let l(n) = -2*n**2 + 7*n + 1. Let k be l(5). Let s = k - -8. Let m(p) = p**3 + 7*p**2 + 5*p - 2. Give m(s).
4
Let l(w) = -7*w**3 + 3*w**3 - 16*w**2 - 7*w**2 + 24*w**2. Let o be 1 + -1 + (4 - 5). What is l(o)?
5
Suppose -56 = -5*d + 29. Let a = 3 - 1. Suppose a*w = 5*r - 0*w + 16, -r + 5*w = d. Let h(u) = -u - 1. What is h(r)?
1
Let q(n) = n**3 + 7*n**2 - 2*n - 7. Let k be q(-7). Let a(v) = 3*v + 4 - k - 2*v. Calculate a(5).
2
Let k(f) be the first derivative of 2/3*f**3 + 1/12*f**4 + 0*f**2 + 0*f + 1/24*f**5 - 3. Let d(j) be the third derivative of k(j). Determine d(-2).
-8
Let c = -134 + 140. Let t(w) = -w**3 + 5*w**2 + 7*w - 7. Give t(c).
-1
Suppose -4*r = 2 + 22. Let u = r - -7. Let z(b) = -2*b**2. What is z(u)?
-2
Let d(h) be the third derivative of 0*h - 7/120*h**5 - h**2 + 1/4*h**4 + 0 + 1/360*h**6 + 1/2*h**3. Let c(u) be the first derivative of d(u). Calculate c(5).
-4
Let p(o) = -o**2 - o + 4. Let k = 1 - 11. Suppose -11 - 7 = -3*t. Let z = k + t. Calculate p(z).
-8
Let t(f) = 0*f + 1 + 2*f**3 + 3*f - 2*f. Suppose -j - 5 = -4. Calculate t(j).
-2
Let k(j) = 9*j**3 + 0*j**2 - j**3 + j**2. Suppose 4*q + 1 = 3*q. Give k(q).
-7
Let b be 22/6 - (-1)/3. Let l = -6 + b. Let g be 1 + (1 - -1) + l. Let c(o) = 4*o**3 - o**2. What is c(g)?
3
Let j(i) be the first derivative of 2*i + 0*i**2 + 5/6*i**3 + 3. Let u(l) be the first derivative of j(l). Determine u(1).
5
Let b(z) = 6*z**3 + 7*z**2 + 11*z - 9. Let k(a) = 3*a**3 + 3*a**2 + 5*a - 4. Let h(l) = 6*b(l) - 13*k(l). Suppose f + 6 = 4*f. Determine h(f).
-12
Let q(i) = i**3 - 4*i**2 + 4. Let j be q(4). Let f(u) be the second derivative of -u**4/12 + u**3 - 3*u**2 + 2*u. Calculate f(j).
2
Let l(f) be the second derivative of 7/2*f**2 + 0 + 5/6*f**3 + 1/20*f**5 - f + 1/2*f**4. Calculate l(-5).
7
Let v(n) = n**3 - 7*n**2 + 6*n + 6. Let y be (4/(-10))/((12/45)/(-4)). Determine v(y).
6
Suppose -g + 4*g = -3*l - 6, 4*g - 2*l = 16. Let j(o) = -2 - 4*o**g + 5*o**2 - 1. Let c = 4 + -4. Calculate j(c).
-3
Let a(b) = 4*b - 7. Let t(y) = 4 + 0*y + 3*y + 1 - 6*y. Let f(c) = 5*a(c) + 7*t(c). Calculate f(-4).
4
Suppose -2*b - 5*p + 2 = 3, -5*b + 3*p = -13. Let k(z) = -z - b + z + z. Calculate k(4).
2
Let q(o) = o**3 + 5*o**2 + 4*o + 3. Let t be q(-3). Let x(u) = u**2 + t*u - 13*u - 6 + 1 - 2. Calculate x(5).
-2
Let s be 2/(-9) + 58/18. Suppose -4*u + 12 = -4*f, s*f - 13 + 1 = 0. Let v(d) = 2*d - 7. Give v(u).
7
Let t(a) = -a**3 + 2*a**2 - 2*a + 2. Let n be t(2). Let i be (28/(-21))/(n/3). Let d(s) = -2*s**2 - 2 + s**3 + 2*s**i + 1. What is d(1)?
0
Let v(y) = -y**3 - y + 6. Let g be v(0). Let b(k) = 5*k - 4. Give b(g).
26
Let b(a) = a**3 - 5*a**2 - 6*a + 8. Let r be (12/5)/(5/25). Suppose -n + 3*n - r = 0. Calculate b(n).
8
Let i(b) = -b**2 - b + 5. Suppose -4*s + 23 = 3*n - 8, 0 = 5*s + n - 47. Let j = -10 + s. Give i(j).
5
Let d(b) = -22 + 2 + 10 - b**2 + 8*b. Calculate d(7).
-3
Let z(l) = 8*l**3 + l**2 + l + 1. Suppose 2*c + 2*d + 1 = 7, -3*c = d - 7. Suppose -5*p = -c*p. Let j be -1 - (p/(-3) - 0). Give z(j).
-7
Let t(s) be the first derivative of -s**4/4 - 2*s**3 - 7*s**2/2 - 6*s + 12. Calculate t(-5).
4
Let x(r) = -r**2 + 6*r - 7. Let s = -4 + 13. Suppose 2*a - s = 3. What is x(a)?
-7
Suppose -10*w = -15*w + 15. Let x(s) = -2 + 5*s**2 - 7*s**3 - 4*s + 8*s**w + 2*s + 3. Determine x(-5).
11
Let a(h) = -2*h - 3. Let u be a(-3). Let n(b) = -2*b**3 + 5*b**2 - 4*b - 1. Calculate n(u).
-22
Let f = -51 + 48. Let x(d) = d**2 + 2*d - 2. What is x(f)?
1
Suppose 0 = -4*d + 8 + 4. Suppose 4 = d*q - q. Let s(y) = 8 - 2*y**2 - y**2 + q*y**2 - y - 4*y. Give s(-6).
2
Let r(p) = -2204 + 2197 - p**2 - 2*p + 7*p**2 + p**3. Give r(-6).
5
Let l(a) = -a**3 - 3*a**2 - 3*a - 3. Let i(s) = s + 2. Let o(h) = h + 3. Let t(j) = 5*i(j) - 3*o(j). Let r be t(-2). Give l(r).
6
Let q(t) = 3*t**3 - 24*t**2 - 4*t + 1. Let c(y) = -y**3 + 8*y**2 + y. Let v(n) = -7*c(n) - 2*q(n). Give v(8).
6
Let b(o) be the third derivative of o**6/720 - o**5/120 - o**4/6 + o**2. Let x(a) be the second derivative of b(a). Determine x(-5).
-6
Let g(k) = k + 4. Let s(y) = -2*y**3 + y**2 + 4*y - 3. Let r be s(2). Give g(r).
-3
Let p = -56 - -54. Let j(c) = -17*c - 3. Give j(p).
31
Let a(r) = 2*r**2 - 2*r - 4. Let t(v) = -8*v + 1. Let p be t(-1). Suppose -i - 2*q - 5 = 2*q, 3*q = i - p. Give a(i).
8
Let z(f) = f + 2. Let d be z(-4). Let m(x) = x**3 + 4*x**2 + 4*x + 2. Calculate m(d).
2
Suppose -24*d = -22*d. Let r(u) = u**2 + u + 10. What is r(d)?
10
Let i(p) be the second derivative of -p**4/12 - 4*p**3/3 - 5*p**2/2 - p. Let g be -44*((-1)/(-2) + 1). Let r be (-4)/(-22) - (-408)/g. Calculate i(r).
7
Let w be ((-4)/2 + 3)*0. Let z(d) = -2 + w*d + 6*d - 4*d + 0*d. Determine z(4).
6
Let q(l) = -2*l - 8 + l + 9. Calculate q(5).
-4
Let r(n) = n + 5. Let v = -22 - -42. Suppose -i = 3*i - v. Suppose -i*g - 30 + 5 = 0. Determine r(g).
0
Let s = 4 + 0. Suppose 4*y + 4*d = -4, d - 3*d = y + s. Let n(w) = -5*w + 2. What is n(y)?
-8
Let j = 71 + -99. Let z = 32 + j. Let m(w) = -3*w**2 + 3 + 2*w**2 + 3*w + 0*w**2. Calculate m(z).
-1
Let j(i) be the second derivative of i**3/3 + 9*i**2/2 - i. Give j(-6).
-3
Let l = -14 + 13. Let x(a) = -18*a + 3. Let j(h) = 2*h**3 + 3*h**2 + h. Let u be j(-2). Let o(y) = 6*y - 1. Let s(p) = u*x(p) - 17*o(p). Determine s(l).
-7
Let t = 13 + -10. Let c(j) = 0*j - 3*j - 2*j**2 - 3 + j**2 - 2*j**t. Determine c(-2).
15
Suppose -30 = -9*y + 4*y. Suppose 0*n - 5*u = -3*n + 29, -5*u + 97 = 4*n. Suppose n = -4*x + y. Let w(q) = 2*q**2 + 4*q + 2. Give w(x).
8
Let v = 8 + -6. Let u(b) = 3*b - 4. Let h be u(2). Let k(m) = m**3 + v*m - 2*m + 4*m**h + 4. Calculate k(-4).
4
Let a(y) = y**3 + 10*y**2 + 3*y - 1. Let q(z) = z**3 + 11*z**2 + 3*z. Let w(x) = 5*a(x) - 4*q(x). What is w(-5)?
5
Let x(d) = d**3 + 7*d**2 + d + 1. Let g(p) = p**3 + 8*p**2 + p + 1. Let k be 12/(-30) - 54/15. Let j(v) = k*g(v) + 5*x(v). Calculate j(-2).
3
Let c(d) = -d - 6. Suppose -3*o = -2*v + 17, -4*v + 5*v + o = 6. Let l be (-33)/v - (-6)/(-21). Let m(t) = -1. Let a(r) = l*m(r) + c(r). Calculate a(2).
-3
Let g = 1 - 2. Let v = 0 + g. Let u(m) = m + 7*m**2 - 5*m + 3*m. What is u(v)?
8
Let h be 30/(-12)*-2*1. Let g(n) = 6 - h*n + 2*n - n**2 + 7*n. What is g(6)?
-6
Let s(f) be the second derivative of 5/6*f**3 + 0 - f**2 - f. Calculate s(2).
8
Suppose -4*p + 24 = 5*c - 5*p, -12 = -2*c + p. Let w(n) = 2*n - 4. What is w(c)?
4
Let y be 44/7 + 10/(-35). Let k(l) = -l**2 - 3 - 7*l**2 + 7*l**2 - y*l. What is k(-2)?
5
Let y(a) = -3*a**3 + 2*a**2 + 16. Let r(b) = -2*b**3 + b**2 + 11. Let k(o) = 2*o + 3. Let c be k(-4). Let i(m) = c*y(m) + 7*r(m). What is i(3)?
-3
Let v(h) be the first derivative of h**2/2 + 2*h + 1. Let n be v(-1). Let a be (-1 - 0)/(-1*n). Let m(i) = -6*i**2 - i + 1. What is m(a)?
-6
Let m(r) = 3*r + 5. Let v(k) = -k**3 + 8*k**2 - 5. Let y be v(8). Calculate m(y).
-10
Let r(m) = m**3 + m**2 - 4. Let g be 2/(-3) + 8/12. What is r(g)?
-4
Let a(j)